
Let w(t) = t**3 - 5*t**2 - 10*t + 49. Calculate w(4).
-7
Let y(s) = s**2 + 4*s + 8. Determine y(-5).
13
Let w(a) = a**2 + 13*a + 42. What is w(-9)?
6
Let d(s) = s + 7. Calculate d(10).
17
Let q(s) = s**3 + 14*s**2 - 16*s - 6. Determine q(-15).
9
Let j(c) = c - 7. Calculate j(22).
15
Let h(i) = 8*i**2 - 176*i + 7. Give h(22).
7
Let z(w) = w**2 + 13*w + 6. Determine z(-12).
-6
Let n(w) = -26*w**3 - 2*w**2 - w + 2. Determine n(1).
-27
Let m(s) = -s**3 + 2*s**2 + 22*s - 37. Determine m(4).
19
Let y(w) = w + 1. Determine y(-2).
-1
Let d(j) = j**2 - 4*j + 7. What is d(6)?
19
Let c(k) = -k**2 - 7*k + 80. Calculate c(7).
-18
Let k(o) = -2*o**2 + 34*o + 8. Give k(14).
92
Let p(v) = -30*v**3. Determine p(1).
-30
Let u(x) = 68*x + 795. What is u(-12)?
-21
Let l(w) = 3*w + 19. Give l(-5).
4
Let c(o) = -o**3 + 7*o**2 - 7*o - 8. Determine c(5).
7
Let c(r) = 29*r + 173. Give c(-5).
28
Let s(h) = h**3 - 2*h**2 + 3*h - 75. Calculate s(0).
-75
Let y(s) = 32*s**2 + 98*s + 1. Calculate y(-3).
-5
Let h(t) = -2*t**3 + 38*t**2 - 2*t + 20. Give h(19).
-18
Let n(q) = q**3 - 30*q**2 + 4*q - 116. Give n(30).
4
Let l(f) = -f**2 - 5*f + 9. What is l(-6)?
3
Let p(d) = -d**3 - 8*d**2 + 7*d - 9. What is p(-8)?
-65
Let u(w) = w**3 + 2*w**2 - 14*w - 18. Determine u(-4).
6
Let u(g) = -g + 27. Give u(25).
2
Let w(s) = -s**3 + 7*s**2 + 2*s - 12. Give w(7).
2
Let c(s) = 2*s**2 + 7*s + 4. Give c(-5).
19
Let z(q) = -q**3 - 6*q**2 - 3*q - 8. What is z(-6)?
10
Let f(c) = c + 19. Calculate f(-10).
9
Let m(p) = p + 5. Determine m(-2).
3
Let f(y) = -2*y**3 - 2*y**2 - 3*y - 1. What is f(-2)?
13
Let h(n) = n**3 + 4*n**2 - 5*n. Determine h(-5).
0
Let t(i) = -i**3 - 31*i**2 + 65*i - 30. Calculate t(-33).
3
Let k(v) = -8*v + 15. Calculate k(2).
-1
Let y(c) = -2*c**3 - 16*c**2 + 16*c - 18. What is y(-9)?
0
Let m(n) = -5*n + 224. Determine m(45).
-1
Let g(c) = c**2 + 2*c - 33. Determine g(0).
-33
Let x(t) = 40*t - 203. What is x(5)?
-3
Let w(s) = -s**3 - 10*s**2 + 2*s + 18. What is w(-10)?
-2
Let p(c) = -c**2 + 4*c - 9. Give p(4).
-9
Let b(l) = -l**3 - 4*l**2 + 9*l - 1. Give b(-5).
-21
Let u(a) = 2*a + 3. What is u(-3)?
-3
Let l(d) = d**3 - d + 2. Calculate l(0).
2
Let c(b) = b**2 - 8*b - 15. Determine c(9).
-6
Let i(h) = h + 4. Calculate i(16).
20
Let m(t) = t**3 - 4*t**2 + 4*t - 2. Give m(3).
1
Let v(z) = -2*z + 5. What is v(0)?
5
Let r(z) = -z**2 + 4*z - 5. Give r(4).
-5
Let s(v) = -v**3 - 7*v**2 + 9*v + 8. What is s(-7)?
-55
Let h(g) = 2*g**2 - 29*g - 124. What is h(18)?
2
Let b(j) = 25*j**3 + j**2 - 2*j + 2. Calculate b(1).
26
Let i(c) = 4*c + 156. What is i(-40)?
-4
Let m(k) = k**3 + 8*k**2 + 9*k + 5. Give m(-6).
23
Let l(x) = 5*x - 9. Give l(0).
-9
Let d(s) = s**3 + 23*s**2 + 23*s + 24. Calculate d(-22).
2
Let r(p) = -p - 18. Determine r(8).
-26
Let z(l) = 3*l**3 - 4*l**2 - 2*l. Determine z(4).
120
Let d(h) = 4*h + 7. Give d(-7).
-21
Let b(i) = -9*i**2 - i - 4. Determine b(-2).
-38
Let k(o) = 8*o**2 + 9*o - 8. Determine k(1).
9
Let i(u) = 2*u**2 + 15*u - 54. What is i(-10)?
-4
Let d(s) = -2*s**2 - 16*s - 4. What is d(-8)?
-4
Let c(s) = -s**3 - 12*s**2 - 11*s - 5. What is c(-11)?
-5
Let l(j) = -11*j + 3. What is l(2)?
-19
Let g(l) = -l**2 - 4*l + 3. Give g(1).
-2
Let l(n) = 4*n + 29. Calculate l(-23).
-63
Let w(r) = -r**2 + 15*r - 3. What is w(12)?
33
Let x(p) = 6*p + 3. Determine x(-3).
-15
Let x(h) = -27*h**2 + 4*h + 2. Calculate x(-1).
-29
Let a(f) = f**3 + 5*f**2 - 4. Calculate a(-3).
14
Let s(h) = 11*h**3 + h**2 + 3*h + 1. Calculate s(-1).
-12
Let j(f) = 2*f**3 + 2*f**2 - 2*f - 31. What is j(0)?
-31
Let q(h) = h - 6. Give q(9).
3
Let h(x) = 2*x**3 - 39*x**2 + 18*x + 12. What is h(19)?
-7
Let z(x) = x**2 - x - 3. What is z(-3)?
9
Let l(z) = z**3 - 2*z**2 - 2*z + 2. Calculate l(-2).
-10
Let i(o) = -2*o**2 + 24*o - 3. Calculate i(10).
37
Let n(j) = -4*j + 20. Give n(7).
-8
Let l(h) = -h**3 - 8*h**2 + 10*h + 14. What is l(-10)?
114
Let z(t) = 2*t + 1. Give z(0).
1
Let u(b) = -5*b - 28. Determine u(3).
-43
Let o(x) = -5*x - 6. Determine o(-6).
24
Let o(b) = b**2 - b + 106. What is o(0)?
106
Let v(f) = -17*f**2 - 3*f + 8. Calculate v(2).
-66
Let t(y) = y**3 - 7*y**2 + 15*y - 3. Calculate t(3).
6
Let m(j) = 2*j + 24. Determine m(5).
34
Let v(d) = d**3 - 11*d**2 + 14. What is v(11)?
14
Let q(g) = g**3 - 29*g**2 + 53*g + 32. Calculate q(27).
5
Let u(v) = 4*v**3 + 3*v**2 + 3*v + 2. What is u(-3)?
-88
Let l(o) = 2*o**2 + 5*o - 4. What is l(-6)?
38
Let y(b) = b. Calculate y(3).
3
Let s(t) = 2*t + 9. What is s(-3)?
3
Let l(u) = -u + 8. Give l(-4).
12
Let s(f) = -5*f + 7. Calculate s(6).
-23
Let x(g) = -8*g + 43. Calculate x(4).
11
Let o(n) = n + 7. What is o(0)?
7
Let b(d) = 2*d + 14. What is b(-7)?
0
Let k(a) = a**3 - 11*a**2 - 26*a + 5. Give k(13).
5
Let o(m) = 10*m + 4. What is o(2)?
24
Let c(x) = -x**2 + x + 12. What is c(3)?
6
Let a(k) = 12*k - 75. Calculate a(6).
-3
Let p(w) = -16*w + 1. Determine p(1).
-15
Let u(g) = g**2 + 9*g + 27. Determine u(-8).
19
Let l(y) = 6*y - 26. Calculate l(22).
106
Let b(s) = s + 65. Calculate b(-56).
9
Let o(l) = -l**2 - 15*l - 41. Give o(-12).
-5
Let s(z) = -z**3 + 13*z**2 + 15*z - 3. Calculate s(14).
11
Let m(d) = 12*d + 63. Calculate m(-5).
3
Let n(j) = -10*j - 59. Give n(-15).
91
Let m(b) = -40*b**2 - 522*b - 22. Calculate m(-13).
4
Let m(d) = d**2 - 24*d + 50. What is m(17)?
-69
Let s(n) = n**2 - 15*n - 25. What is s(0)?
-25
Let n(o) = -2*o**3 + 20*o**2 - 41*o - 5. What is n(3)?
-2
Let h(a) = -a**2 + 5*a - 10. Calculate h(-5).
-60
Let j(c) = 4*c**2 - c - 4. What is j(3)?
29
Let g(p) = 9*p - 39. Calculate g(2).
-21
Let q(d) = d - 1. Calculate q(-10).
-11
Let v(g) = -g**3 - 11*g**2 - 11*g - 13. Determine v(-10).
-3
Let m(o) = -o**3 - 4*o**2 + o - 6. Determine m(-5).
14
Let n(i) = i**3 + 10*i**2 + 8*i - 9. Determine n(-9).
0
Let k(q) = -q**3 - 10*q**2 - 16*q - 4. Calculate k(-8).
-4
Let t(j) = -2*j**2 - 13*j + 2. Calculate t(-6).
8
Let o(t) = -3*t**2 - 11*t - 7. Give o(-5).
-27
Let w(p) = -p**2 - 17*p - 41. Calculate w(-7).
29
Let m(g) = -10*g - 57. What is m(-6)?
3
Let q(l) = l**3 + 10*l**2 + 7*l - 7. Give q(-9).
11
Let t(b) = -b**3 - 8*b**2 + 11*b + 13. Determine t(-9).
-5
Let s(u) = u**2 - 2*u - 7. Determine s(4).
1
Let b(q) = -q**2 - 3*q - 1. Calculate b(0).
-1
Let a(o) = -o**3 + 4*o**2 - 5*o + 15. Determine a(4).
-5
Let p(a) = a**2 + 49*a + 92. Give p(-47).
-2
Let o(u) = u**2 - 7*u + 4. What is o(4)?
-8
Let m(y) = -2*y**2 - 20*y + 2. What is m(-10)?
2
Let f(r) = 16*r**2 + 26*r. Calculate f(-2).
12
Let g(t) = t**3 + 2*t**2 - 2*t - 2. Determine g(-2).
2
Let s(w) = w**2 - 3*w + 7. Determine s(5).
17
Let v(q) = 2*q - 12. What is v(0)?
-12
Let g(a) = -a**2 - 7*a + 22. What is g(-7)?
22
Let v(d) = -5*d - 44. Give v(-13).
21
Let i(r) = -3*r - 16. Give i(-5).
-1
Let n(s) = 2*s**3 + 3*s + 3. Calculate n(-3).
-60
Let j(o) = o - 11. Determine j(7).
-4
Let q(d) = -d**3 + 5*d**2 - d - 4. Calculate q(7).
-109
Let t(n) = n**2 + 21*n + 101. Determine t(-16).
21
Let w(j) = j**3 - 4*j**2 + 4*j - 6. What is w(4)?
10
Let w(s) = s**3 - s**2 - 10*s + 3. Calculate w(0).
3
Let g(s) = -s**2 - 3*s + 59. What is g(-9)?
5
Let k(o) = 29*o - 193. What is k(7)?
10
Let n(i) = 3*i**2 - 14*i + 42. Determine n(7).
91
Let c(v) = v**3 + 6*v**2 - 4*v + 6. Give c(-6).
30
Let o(i) = i**2 - 3*i + 4. Give o(6).
22
Let b(h) = 99*h + 399. Give b(-4).
3
Let q(v) = -2*v**2 - 9*v. Give q(-6).
-18
Let y(q) = q**3 - 6*q**2 - 8*q - 10. Determine y(7).
-17
Let x(s) = -s**2 + 32*s + 8. What is x(32)?
8
Let s(r) = -3*r + 94. Calculate s(31).
1
Let m(q) = -19*q - 1. What is m(-2)?
37
Let x(i) = -9*i + 179. Give x(20).
-1
Let v(d) = 4*d - 120. What is v(20)?
-40
Let p(f) = 6*f - 148. What is p(25)?
2
Let k(r) = -8*r**2 + 2. What is k(3)?
-70
Let y(n) = -14*n**3 + 3*n - 2. Calculate y(1).
-13
Let y(z) = 10*z**2 - z + 2. Calculate y(2).
40
Let m(g) = 7*g - 3. Give m(-7).
-52
Let l(o) = 34*o**3 - o**2 + o - 1. Calculate l(1).
33
Let l(z) = 5*z - 5. What is l(5)?
20
Let i(z) = 6*z**2 - z - 2. What is i(-2)?
24
Let k(j) = -j - 5. Determine k(-8).
3
Let c(h) = 6*h**3 - h. What is c(1)?
5
Let c(p) = p**2 - 2*p - 9. Give c(4).
-1
Let d(g) = 2*g**3 - g**2 + 4*g - 4. Calculate d(3).
53
Let q(k) = 2*k**2 - 43*k - 15. Determine q(22).
7
Let j(g) = 6*g**3 + 8*g**2 - 11. Determine j(-3).
-101
Let f(s) = -11*s - 39